{"id":23630,"date":"2023-05-25T10:51:31","date_gmt":"2023-05-25T10:51:31","guid":{"rendered":"http:\/\/reklamni-zapalky.cz\/eshop\/?post_type=product&#038;p=23630"},"modified":"2023-05-25T10:51:31","modified_gmt":"2023-05-25T10:51:31","slug":"carneol-hodiny-6-x-41-cm-prouzky","status":"publish","type":"product","link":"https:\/\/reklamni-zapalky.cz\/eshop\/produkt\/carneol-hodiny-6-x-41-cm-prouzky\/","title":{"rendered":"Carneol hodiny 6 x 41 cm, prou\u017eky"},"content":{"rendered":"<div id=\"product-description-short-23432\" class=\"product-description-short mb-3 \">\n<p>Hodiny Carneol<\/p>\n<p>Tvar: eliplsa<\/p>\n<p>Barva: podklad transparentn\u00ed\u00a0 + oran\u017eov\u00e9 prou\u017eky<\/p>\n<p>Rozm\u011br: 6 x 41 cm<\/p>\n<p>SLEVA 30% + d\u00e1rek zna\u010dky Carneol<\/p>\n<\/div>\n<div class=\"steasy_divider between_short_and_price\"><\/div>\n","protected":false},"excerpt":{"rendered":"<p>Ru\u010dn\u011b vyr\u00e1b\u011bn\u00e9 sklo ma\u010farsk\u00e9 spole\u010dnosti Carneol. Ka\u017ed\u00fd kousek je origin\u00e1l.<\/p>\n","protected":false},"featured_media":23628,"template":"","meta":[],"product_cat":[138],"product_tag":[141,142,139,140],"class_list":{"0":"post-23630","1":"product","2":"type-product","3":"status-publish","4":"has-post-thumbnail","6":"product_cat-carneol-hodiny-vyprodej","7":"product_tag-carneol","8":"product_tag-design","9":"product_tag-hodiny","10":"product_tag-sklo","12":"first","13":"instock","14":"sold-individually","15":"taxable","16":"shipping-taxable","17":"purchasable","18":"product-type-simple"},"jetpack_sharing_enabled":true,"_links":{"self":[{"href":"https:\/\/reklamni-zapalky.cz\/eshop\/wp-json\/wp\/v2\/product\/23630","targetHints":{"allow":["GET"]}}],"collection":[{"href":"https:\/\/reklamni-zapalky.cz\/eshop\/wp-json\/wp\/v2\/product"}],"about":[{"href":"https:\/\/reklamni-zapalky.cz\/eshop\/wp-json\/wp\/v2\/types\/product"}],"wp:featuredmedia":[{"embeddable":true,"href":"https:\/\/reklamni-zapalky.cz\/eshop\/wp-json\/wp\/v2\/media\/23628"}],"wp:attachment":[{"href":"https:\/\/reklamni-zapalky.cz\/eshop\/wp-json\/wp\/v2\/media?parent=23630"}],"wp:term":[{"taxonomy":"product_cat","embeddable":true,"href":"https:\/\/reklamni-zapalky.cz\/eshop\/wp-json\/wp\/v2\/product_cat?post=23630"},{"taxonomy":"product_tag","embeddable":true,"href":"https:\/\/reklamni-zapalky.cz\/eshop\/wp-json\/wp\/v2\/product_tag?post=23630"}],"curies":[{"name":"wp","href":"https:\/\/api.w.org\/{rel}","templated":true}]}}