{"id":23624,"date":"2023-05-25T10:34:21","date_gmt":"2023-05-25T10:34:21","guid":{"rendered":"http:\/\/reklamni-zapalky.cz\/eshop\/?post_type=product&#038;p=23624"},"modified":"2023-05-25T10:34:21","modified_gmt":"2023-05-25T10:34:21","slug":"rostouci-pohlednice-zelene-pozdravy","status":"publish","type":"product","link":"https:\/\/reklamni-zapalky.cz\/eshop\/produkt\/rostouci-pohlednice-zelene-pozdravy\/","title":{"rendered":"Rostouc\u00ed pohlednice &#8211; Zelen\u00e9 pozdravy"},"content":{"rendered":"<p>Rostouc\u00ed pohlednice jako pozdrav z dovolen\u00e9, p\u0159\u00e1n\u00ed, pozv\u00e1nka nebo jen v\u00e1\u0161 suven\u00fdr.<\/p>\n<p>Motiv: zelen\u00e9 pozdravy.<\/p>\n<p>Rozm\u011br pohlednice: 150 x 100 x 9 mm.<\/p>\n","protected":false},"excerpt":{"rendered":"<p>Rostouc\u00ed pohlednice jako pozdrav z dovolen\u00e9, p\u0159\u00e1n\u00ed, pozv\u00e1nka nebo jen v\u00e1\u0161 suven\u00fdr. Motiv: zelen\u00e9 pozdravy. Rozm\u011br pohlednice: 150 x 100 x 9 mm.<\/p>\n","protected":false},"featured_media":23626,"template":"","meta":[],"product_cat":[127],"product_tag":[113,130,137,136],"class_list":{"0":"post-23624","1":"product","2":"type-product","3":"status-publish","4":"has-post-thumbnail","6":"product_cat-rostouci-pohlednice","7":"product_tag-darek","8":"product_tag-eko","9":"product_tag-prani","10":"product_tag-rostouci-pohlednice","12":"first","13":"instock","14":"taxable","15":"shipping-taxable","16":"purchasable","17":"product-type-variable"},"jetpack_sharing_enabled":true,"_links":{"self":[{"href":"https:\/\/reklamni-zapalky.cz\/eshop\/wp-json\/wp\/v2\/product\/23624","targetHints":{"allow":["GET"]}}],"collection":[{"href":"https:\/\/reklamni-zapalky.cz\/eshop\/wp-json\/wp\/v2\/product"}],"about":[{"href":"https:\/\/reklamni-zapalky.cz\/eshop\/wp-json\/wp\/v2\/types\/product"}],"wp:featuredmedia":[{"embeddable":true,"href":"https:\/\/reklamni-zapalky.cz\/eshop\/wp-json\/wp\/v2\/media\/23626"}],"wp:attachment":[{"href":"https:\/\/reklamni-zapalky.cz\/eshop\/wp-json\/wp\/v2\/media?parent=23624"}],"wp:term":[{"taxonomy":"product_cat","embeddable":true,"href":"https:\/\/reklamni-zapalky.cz\/eshop\/wp-json\/wp\/v2\/product_cat?post=23624"},{"taxonomy":"product_tag","embeddable":true,"href":"https:\/\/reklamni-zapalky.cz\/eshop\/wp-json\/wp\/v2\/product_tag?post=23624"}],"curies":[{"name":"wp","href":"https:\/\/api.w.org\/{rel}","templated":true}]}}