{"id":19056,"date":"2022-06-07T19:34:22","date_gmt":"2022-06-07T19:34:22","guid":{"rendered":"https:\/\/reklamni-zapalky.cz\/eshop\/?post_type=product&#038;p=19056"},"modified":"2026-01-26T20:43:29","modified_gmt":"2026-01-26T20:43:29","slug":"kenwex-podpalovac-teo-grill-20","status":"publish","type":"product","link":"https:\/\/reklamni-zapalky.cz\/eshop\/produkt\/kenwex-podpalovac-teo-grill-20\/","title":{"rendered":"Kenwex podpalova\u010d Teo Grill 20"},"content":{"rendered":"<h5><strong>Ekologick\u00fd podpalova\u010d Teo 20 &#8211; ekologick\u00fd podpalova\u010d krb\u016f \u010di kamen s hlavi\u010dkou, kterou pouze \u0161krtnete o \u0161krt\u00e1tko na krabi\u010dce.<\/strong><\/h5>\n<h5><strong>Po\u010det kus\u016f &#8211; 20 ks<\/strong><\/h5>\n<h5><strong>Rozm\u011br: 115 x 65 x 31 mm<\/strong><\/h5>\n<h5><strong>Po\u010det podpalova\u010d\u016f: 20 ks<\/strong><\/h5>\n<h5><strong>Na v\u00fdb\u011br ze dvou design\u016f krabi\u010dky<\/strong><\/h5>\n<p>&nbsp;<\/p>\n<h5><strong>Bezpe\u010dnostn\u00ed z\u00e1palky \/ Chra\u0148te p\u0159ed d\u011btmi \/ Vyrobeno v EU \/ Norma EN 1783:1997:SAF.<\/strong><\/h5>\n","protected":false},"excerpt":{"rendered":"<p>Ekologick\u00fd podpalova\u010d Teo 20 &#8211; ekologick\u00fd podpalova\u010d krb\u016f \u010di kamen s hlavi\u010dkou, kterou pouze \u0161krtnete o \u0161krt\u00e1tko na krabi\u010dce. Po\u010det kus\u016f &#8211; 20 ks Rozm\u011br: 115 x 65 x 31 mm Po\u010det podpalova\u010d\u016f: 20 ks Na v\u00fdb\u011br ze dvou design\u016f krabi\u010dky &nbsp; Bezpe\u010dnostn\u00ed z\u00e1palky \/ Chra\u0148te p\u0159ed d\u011btmi \/ Vyrobeno v EU \/ Norma EN [&hellip;]<\/p>\n","protected":false},"featured_media":23476,"template":"","meta":[],"product_cat":[18],"product_tag":[60,103,56,55,161,59,32],"class_list":{"0":"post-19056","1":"product","2":"type-product","3":"status-publish","4":"has-post-thumbnail","6":"product_cat-podpalovace","7":"product_tag-60","8":"product_tag-cerveny","9":"product_tag-pevny","10":"product_tag-podpalovac","11":"product_tag-pravek","12":"product_tag-teo","13":"product_tag-zapalky","15":"first","16":"instock","17":"taxable","18":"shipping-taxable","19":"purchasable","20":"product-type-variable"},"jetpack_sharing_enabled":true,"_links":{"self":[{"href":"https:\/\/reklamni-zapalky.cz\/eshop\/wp-json\/wp\/v2\/product\/19056","targetHints":{"allow":["GET"]}}],"collection":[{"href":"https:\/\/reklamni-zapalky.cz\/eshop\/wp-json\/wp\/v2\/product"}],"about":[{"href":"https:\/\/reklamni-zapalky.cz\/eshop\/wp-json\/wp\/v2\/types\/product"}],"wp:featuredmedia":[{"embeddable":true,"href":"https:\/\/reklamni-zapalky.cz\/eshop\/wp-json\/wp\/v2\/media\/23476"}],"wp:attachment":[{"href":"https:\/\/reklamni-zapalky.cz\/eshop\/wp-json\/wp\/v2\/media?parent=19056"}],"wp:term":[{"taxonomy":"product_cat","embeddable":true,"href":"https:\/\/reklamni-zapalky.cz\/eshop\/wp-json\/wp\/v2\/product_cat?post=19056"},{"taxonomy":"product_tag","embeddable":true,"href":"https:\/\/reklamni-zapalky.cz\/eshop\/wp-json\/wp\/v2\/product_tag?post=19056"}],"curies":[{"name":"wp","href":"https:\/\/api.w.org\/{rel}","templated":true}]}}