{"id":121,"date":"2022-06-07T19:21:52","date_gmt":"2022-06-07T19:21:52","guid":{"rendered":"https:\/\/reklamni-zapalky.cz\/eshop\/produkt\/produkt-15\/"},"modified":"2025-11-19T09:30:38","modified_gmt":"2025-11-19T09:30:38","slug":"kenwex-zapalky-cowboy-skrajici-o-tvrdy-predmet","status":"publish","type":"product","link":"https:\/\/reklamni-zapalky.cz\/eshop\/produkt\/kenwex-zapalky-cowboy-skrajici-o-tvrdy-predmet\/","title":{"rendered":"Kenwex z\u00e1palky Cowboy, \u0161krtaj\u00edc\u00ed o tvrd\u00fd p\u0159edm\u011bt"},"content":{"rendered":"<h5><strong>Z\u00e1palky Cowboy lze zap\u00e1lit \u0161ktnut\u00edm o jak\u00fdkoliv tvrd\u00fd p\u0159edm\u011bt.<\/strong><\/h5>\n<h5><strong>V nab\u00eddce m\u00e1me sm\u011bs 24 grafik s cowboyskou, p\u0159\u00edrodn\u00ed a army t\u00e9matikou.<\/strong><\/h5>\n<h5><strong>Rozm\u011br krabi\u010dky: 53 x 36 x 16 mm.<\/strong><\/h5>\n<h5><strong>Po\u010det z\u00e1palek v krabi\u010dce: cca 40 ks.<\/strong><\/h5>\n<h5><strong>Pokud byste cht\u011bli z\u00e1palky Cowboy se svou vlastn\u00ed grafikou, p\u0159ejd\u011bte na:<\/strong><\/h5>\n<h5><strong><a href=\"http:\/\/reklamni-zapalky.cz\/reklamni-zapalky\/cowboy-s-etiketou\/\">http:\/\/reklamni-zapalky.cz\/reklamni-zapalky\/cowboy-s-etiketou\/<\/a><\/strong><\/h5>\n<h5><\/h5>\n<h5><strong>Bezpe\u010dnostn\u00ed z\u00e1palky \/ Chra\u0148te p\u0159ed d\u011btmi \/ Vyrobeno v EU \/ Norma EN 1783:1997:SAF.<\/strong><\/h5>\n","protected":false},"excerpt":{"rendered":"<p>Z\u00e1palky Cowboy lze zap\u00e1lit \u0161ktnut\u00edm o jak\u00fdkoliv tvrd\u00fd p\u0159edm\u011bt. V nab\u00eddce m\u00e1me sm\u011bs 24 grafik s cowboyskou, p\u0159\u00edrodn\u00ed a army t\u00e9matikou. Rozm\u011br krabi\u010dky: 53 x 36 x 16 mm. Po\u010det z\u00e1palek v krabi\u010dce: cca 40 ks. Pokud byste cht\u011bli z\u00e1palky Cowboy se svou vlastn\u00ed grafikou, p\u0159ejd\u011bte na: http:\/\/reklamni-zapalky.cz\/reklamni-zapalky\/cowboy-s-etiketou\/ Bezpe\u010dnostn\u00ed z\u00e1palky \/ Chra\u0148te p\u0159ed d\u011btmi \/ [&hellip;]<\/p>\n","protected":false},"featured_media":23458,"template":"","meta":[],"product_cat":[17],"product_tag":[46,45,47],"class_list":{"0":"post-121","1":"product","2":"type-product","3":"status-publish","4":"has-post-thumbnail","6":"product_cat-zapalky-specialni-cowboy","7":"product_tag-army","8":"product_tag-cowboy","9":"product_tag-samosktaci","11":"first","12":"instock","13":"taxable","14":"shipping-taxable","15":"purchasable","16":"product-type-simple"},"jetpack_sharing_enabled":true,"_links":{"self":[{"href":"https:\/\/reklamni-zapalky.cz\/eshop\/wp-json\/wp\/v2\/product\/121","targetHints":{"allow":["GET"]}}],"collection":[{"href":"https:\/\/reklamni-zapalky.cz\/eshop\/wp-json\/wp\/v2\/product"}],"about":[{"href":"https:\/\/reklamni-zapalky.cz\/eshop\/wp-json\/wp\/v2\/types\/product"}],"wp:featuredmedia":[{"embeddable":true,"href":"https:\/\/reklamni-zapalky.cz\/eshop\/wp-json\/wp\/v2\/media\/23458"}],"wp:attachment":[{"href":"https:\/\/reklamni-zapalky.cz\/eshop\/wp-json\/wp\/v2\/media?parent=121"}],"wp:term":[{"taxonomy":"product_cat","embeddable":true,"href":"https:\/\/reklamni-zapalky.cz\/eshop\/wp-json\/wp\/v2\/product_cat?post=121"},{"taxonomy":"product_tag","embeddable":true,"href":"https:\/\/reklamni-zapalky.cz\/eshop\/wp-json\/wp\/v2\/product_tag?post=121"}],"curies":[{"name":"wp","href":"https:\/\/api.w.org\/{rel}","templated":true}]}}